
-12
Calculate 1 - -3 - (-14 + 5 - -13).
0
-13 - (-9 + -10 + 22)
-16
What is the value of (-75 - -68) + (-1 - 9) + 17?
0
What is the value of (-9 - 5 - ((8 - 3) + -5)) + -10?
-24
What is -35 + (26 - (35 + -25))?
-19
46 + (-24 - 6 - -11)
27
(-173 - -167) + (1 - (-2 + 3)) + 4
-2
Calculate -2 - (-2 + -2 + -1 - (-81 + 64)).
-14
What is the value of -20 - (2 - (3 - -2))?
-17
What is -1 + (-28 - 11) - -14?
-26
Evaluate 10 - ((5 - 3) + (18 - 9) + -4).
3
What is (61 - 66) + (1 + 10 + -2 - 3)?
1
What is (2 - 3 - -2) + -4 + (-3 - -3)?
-3
(-5 - (8 + -11)) + -9 + -3
-14
(-913 - -932) + -6 + (-3 - -1) + 1
12
What is the value of (9 - (1 - -1)) + 17 + -37 + 25?
12
Calculate 15 - 2 - (126 - 125).
12
What is the value of (-1 + 3 - (6 + (0 - -13))) + 5?
-12
Calculate -3 + 32 - (-54 - -69).
14
What is the value of -60 - (-43 + -37 + 45)?
-25
Evaluate 3 + 10 + 4 - 16.
1
Calculate (-295 - -271) + 12 + 1.
-11
What is 6 + -25 + 18 + -8?
-9
What is 35 + -20 - (6 + -3)?
12
What is (71 - 62) + 1 + -13?
-3
What is (1 - 18) + -1 + 7 + -14?
-25
What is the value of -6 + (-11 + -10 - -17)?
-10
What is 22 - -2 - (48 - 56)?
32
What is 0 - ((5 - 18 - -8) + -1)?
6
12 + -2 + 4 + -16
-2
(0 - -2) + 4 + -11 + -4 - 3
-12
What is 98 + -105 - (1 + 1)?
-9
What is the value of -57 + 59 - (-5 - -36)?
-29
What is 14 + 1 + -3 + 59 + -93?
-22
Evaluate 19 + (5 - (10 + 15)).
-1
Evaluate (-9 - -28 - (3 + 3)) + 3 + -4.
12
Evaluate 2 + 6 + (-16 + 1 - 2) + -3.
-12
What is the value of (9 - 2) + -10 + (1 - -16)?
14
Calculate -18 - -11 - (-2 + 1 + 2).
-8
What is (-1 + -2 + -3 - -8) + 10?
12
Evaluate 2 + (-16 - (-15 + (1 - -6))).
-6
What is the value of (-50 - -10) + 5 + 14 - -16?
-5
What is 8 + (0 - 2 - -12) + -8 + -1?
9
What is the value of -1 + 2 + 14 + 109 + -117?
7
Calculate 5 + (2 - 10) - (-2 - -1).
-2
Calculate -11 + (-9 - (-20 + 7)).
-7
(14 - (15 + -6)) + -4
1
What is -5 + (0 - (4 + -2) - -6) - -11?
10
Evaluate -5 + 2 + -2 + -4 - (2 + -28).
17
What is the value of (-2 - 0 - -29) + -2 + -6?
19
6 + (-35 - -55) + 0
26
What is the value of -9 + (-6 - (-11 + 8 - (-14 + 6)))?
-20
10119 - 10105 - (-2 + -1 + 1 + 0)
16
What is -3 + (-10 - -7) - -10?
4
What is 12 + (-4 - (49 + -27))?
-14
Calculate 38 + (-2 - 63) + -7.
-34
(-77 - (-10 + -39)) + -1 + (2 - 2)
-29
Calculate 4 + -34 - (-78 + 23).
25
1 - -6 - (46 + -43) - -10
14
What is the value of -23 + 16 + 31 + -21?
3
What is (8 - -15 - (-3 - -15)) + -23?
-12
Evaluate (-58 - -63) + 4 + 2 + -27.
-16
Calculate (10 - 33) + 16 + -1 + -1.
-9
-18 + 2 + -4 + (-9 - (-3 - 0))
-26
What is -282 + 265 + -4 + -5 + 33?
7
(23 - 15 - (3 - (0 - 5))) + 19
19
What is the value of -21 - (-5 + (25 - (19 + -8) - 1))?
-29
What is 38 - (38 + (44 - 75))?
31
What is the value of 332 - 324 - (0 - (-19 - (-4 - -1)))?
-8
What is the value of -43 - (20 - 40) - -36?
13
-16 + (12 - -20) + -16
0
Calculate 0 + 20 - (-1608 - -1647).
-19
Calculate (-21 - (-32 + 14)) + 11.
8
What is the value of 33 + (22 - 9) + -37?
9
What is the value of (-25 - -34) + (-1 - 0 - 23)?
-15
Evaluate 10 - 24 - -35 - 28.
-7
Calculate 8 + -15 + 16 - -10.
19
What is -72 + 53 + (24 - 2)?
3
Evaluate -5 + (10 + -12 + 1 + 0 - 7).
-13
48 + 6 + -3 + -39
12
Evaluate (-64 - -41) + 7 + 4.
-12
What is the value of -108 + 99 + 2 + 19 + 0?
12
Evaluate (0 - -1) + -75 + 69.
-5
What is 0 + 5 + (10 - 17) - 19?
-21
What is the value of -1 - (-6 - 3 - (-1 - (-1 - -3)))?
5
Calculate (2 - (-11 - -14)) + 11.
10
-1 + -3 + (-4 - (7 + -19)) + -5
-1
-12 + 6 - 23 - -22
-7
What is the value of 3 + (-14 - -23 - 14)?
-2
12 - (62 - 50) - (5 - 1 - 0)
-4
Calculate 20 - (34 + -35 + 18).
3
What is the value of 16 + -9 + -28 + 19?
-2
-14 - (-70 + 7 + 47)
2
What is (8 - 10) + 8 + 4 + 5?
15
What is 205 + -200 - (-4 + 2 + 3 + 5)?
-1
Calculate (5 - -10) + -14 + (-5 - -38).
34
Calculate 16 + -11 + 8 + -9.
4
What is (10 + -2 - 7) + 0?
1
Evaluate 40 - (11 - -8) - 25.
-4
Calculate 13 + -3 + 5 + (-5 - 1 - 0).
9
Calculate 22 - 29 - (8 - (1 + 7)).
-7
Calculate 0 + (-13 - -15) + 15 + -36.
-19
(434 - 428) + (-6 - 1)
-1
0 + (9 - (-5 - -17))
-3
Calculate (-13 - (12 - 15)) + 1 + -7.
-16
Calculate (-64 - ((24 - 10) + -34)) + 7 + 1.
-36
What is the value of (-6 - (9 + -14)) + 15 - 0?
14
What is -19 - 3 - (-9 + 2)?
-15
Calculate (15 - -1 - (194 + -189)) + 20.
31
What is the value of -3 + (5 + 9 - 7) + -1 + -1?
2
(13 - (-5 + 0 - -62)) + 17
-27
What is 3 - 1 - (17 + -5 - 23)?
13
What is the value of (-1 - -12) + 6 + 0 + -13?
4
What is -17 + -28 + 39 - ((-1 - -5) + 0)?
-10
Calculate (-7 - -12) + 1 + (-5 + 7 - 4).
4
Calculate -3 + -3 - (-79 - -91).
-18
(-2 - -24) + (-2 + 7 - (10 - -2))
15
What is (83 + -83 - (1 - 0)) + 0 + 0?
-1
What is 27 + -13 + -18 + -6?
-10
14 + 4 - (-10 - (-34 - -12))
6
What is the value of 11 + 2 - (20 + -29 + 9)?
13
-4 - -3 - 0 - (5 + 1 + -2)
-5
Evaluate -1 + -3 + 29 + -7 + -25.
-7
7 - (-48 + 36) - -2
21
What is (12 - 41) + 17 + 0?
-12
What is 0 + 7 + -1 + -1 - (386 - 390)?
9
Evaluate 7 - (-45 + 59 + -30).
23
What is the value of -6 + 0 + (4 - -1) + (-12 - -5)?
-8
What is 10 + (-2 + 4 - (19 - (24 - 13)))?
4
Evaluate -7 + 15 + -19 - (0 - 5).
-6
What is the value of -5 - 7 - (10 + -15) - 10?
-17
34 + (0 - -8) + 4 + -13
33
Calculate -4 - (3 - (18 - 9) - 3).
5
What is 26 - (70 - 17 - 16)?
-11
3 + 15 + 1 + 2 + -12
9
Evaluate (-424 - -422) + 3 + (-21 - 1).
-21
Evaluate 55 - (45 - 29) - 25.
14
Evaluate 4 - (3 + 0 + (-21 - -32)).
-10
What is (7 - 6 - -19) + (-10 - -2)?
12
What is the value of 41 - (76 - 41) - 25?
-19
Evaluate -4 - 1 - (12 + -23 - -6).
0
-7 + (-6 - (-29 + 14 + 22))
-20
67 + -69 + (1 - (0 - (2 + -10)))
-9
What is the value of (12 - -38) + -45 + 31?
36
What is the value of 0 - (21 + 2 + -33 + (35 - 0))?
-25
What is the value of (6 - -2) + 10 + -15?
3
Calculate -7 + (-9 - (-21 + -1)) + -3 + -26.
-23
Evaluate -2 - -2 - (-395 + 405).
-10
What is the value of 1 - ((4 - -1) + 4)?
-8
Calculate -119 + 126 + (0 - -2).
9
Calculate 8 + 7 + (1 - 12).
4
-12 + 1 + -1 - (684 - 686)
-10
Evaluate -16 - -29 - (0 - 0).
13
-16 - (-10 - (-33 + 31))
-8
(3 - -4) + -10 + -8
-11
Calculate -3 + (5 - -2 - (1 + (-7 - -5))).
5
Evaluate -15 + (34 - 9) + 3.
13
Calculate -16 + -5 + 22 - (0 + -2 + 15).
-12
Calculate -34 + 21 - (-2 - -4 - 1).
-14
What is the value of 31 - (38 - 3) - (7 - -1)?
-12
Evaluate 565 - 538 - (11 + 0).
16
Evaluate (-2 - (-9 - -3)) + 5 + (1 - 3).
7
What is the value of (3 - (35 + -2)) + 21?
-9
What is (-32 - -31) + 22 - 0?
21
What is 9 + -3 + -7 + -12 + 10 - 3?
-6
Calculate 6 - (-10 - (-7 + -4)) - 12.
-7
What is the value of 0 - (13 + 1 + -23)?
9
Evaluate (6 + -9 - -28) + -33.
-8
Evaluate (-36 + 4 - -40) + (-3 + -42 - 4).
-41
(-7 - 2) + 7 + -9 + -5
-16
What is the value of (5 + -3 - 3) + -2 - (6 + -15)?
6
What is the value of -7 + -1 + (0 - 0) - -5?
-3
What is (28 - (3 + 4)) + -6 + -7 + -12?
-4
What is 2 + (4 - 2) - ((5 - 0) + -5)?
4
9 + 3 - ((2 - -4) + 13) - 4
-11
What is the value of (4 - 0) + (-10 - (-3 + 0 + 0))?
-3
What is -45 + 11 + 31 + -13?
-16
What is the value of -2 - (-13 - ((-2 - -6) + -11))?
4
(1 - 6) + (-32 - -18) + (6 - 1)
-14
Evaluate 1 + -12 + -1 + 0 + (4 - -3).
-5
What is the value of (10 - 3) + 10 + -14 - 2 - 6?
-5
Evaluate 5 + -16 - (-42 - (6 + -17)).
20
Calculate 10 + -34 + 26 - -11.
13
What is 13 + (1 - -5) - 11?
8
Calculate -7 - (1 + (-6 + 6 - 5) + -4).
1
Evaluate -16 + 30 + (-1 - 10) - (-1 + 1).
3
What is the value of (-2 - (10 + -8 + 4)) + 26?
18
What is (-34 - -21) + -5 - -2?
-16
What is the value of -2 + -12 + (-144 - -151)?
-7
What is -2 - 7 - -13 - -2?
6
22 - (12 + 2 + -3 - (76 + -60))
27
Evaluate 5 + -10 + 9 - (0 + -4) - -3.
11
Evaluate 4 - ((-10 - -6) + 0 + (1 - -1)).
6
What is -18 - ((-6 - -4) + -13)?
-3
Evaluate -15 + 0 + (12 - (8 + -8)).
-3
What is 77 + -32 + 19 + -35?
29
(0 + 3 - (-3 + 0 - -1)) + -1
4
31 - ((69 - -11) + -33)
-16
(-25 + 15 - -3) + -3
-10
Evaluate 1 + 0 + 4 + (-23 - (-4 + 0)).
-14
What is the value of -12 - (12 - ((8 - 12) + 18))?
-10
What is -1 + (-13 - 6) + 11?
-9
1 + -13 - (-25 - (38 - 33))
18
Calculate 0 - (45 + -25) - (4 + -4 - 12).
-8
Evaluate 168 + -164 + -1 + (0 - -3).
6
What is 2 + (-12 - (32 + -67))?
25
Evaluate 5 - (0 - -21) - (-39 - -39).
-16
-30 + (-55 - -54) + 18 + 0
-13
Evaluate (15 - (41 - -5)) + 21.
-10
What is the value of (-36 - -31) + 11 + (-1 - -2 - 1)?
6
74 - 87 - (-2 - -